tor of 117 and 65481?
39
What is the greatest common factor of 42 and 457086?
42
What is the greatest common factor of 11 and 17523?
11
What is the greatest common factor of 80 and 8723920?
80
Calculate the greatest common factor of 22815 and 6669.
351
Calculate the greatest common factor of 642264 and 7.
7
What is the greatest common factor of 6990 and 1410?
30
Calculate the greatest common divisor of 204540 and 960.
60
Calculate the highest common factor of 151002 and 54.
18
Calculate the greatest common factor of 500835 and 30.
15
Calculate the greatest common divisor of 145729 and 4331.
61
Calculate the highest common factor of 4218 and 11100.
222
What is the highest common factor of 2294 and 53258?
62
What is the highest common divisor of 77155 and 130?
65
What is the greatest common factor of 2755 and 211584?
551
Calculate the greatest common divisor of 11868887 and 1093.
1093
Calculate the greatest common divisor of 3642 and 6.
6
What is the highest common factor of 15164 and 17?
17
Calculate the greatest common divisor of 816023 and 656.
41
What is the greatest common divisor of 1516455 and 239?
239
What is the greatest common divisor of 54569 and 1108?
277
What is the greatest common divisor of 8 and 375872?
8
Calculate the greatest common factor of 505024 and 192.
64
What is the greatest common divisor of 26752 and 1045?
209
Calculate the greatest common factor of 7776 and 20464.
16
What is the highest common divisor of 106112 and 44766?
1658
What is the highest common factor of 310 and 8990?
310
What is the highest common factor of 806925 and 174?
87
Calculate the highest common factor of 88 and 34232.
88
What is the greatest common factor of 2948 and 72360?
268
Calculate the highest common factor of 1496 and 12104.
136
Calculate the greatest common divisor of 602 and 118.
2
What is the highest common factor of 198 and 163845?
99
What is the highest common factor of 25685 and 1375?
55
What is the highest common divisor of 1488 and 25808?
16
Calculate the greatest common divisor of 76895 and 5460.
455
What is the highest common factor of 34100 and 12617?
341
Calculate the highest common factor of 45 and 38277.
9
What is the greatest common factor of 13872 and 680?
136
Calculate the greatest common factor of 17 and 90661.
17
Calculate the highest common divisor of 15888 and 24.
24
What is the greatest common divisor of 246 and 1712447?
41
What is the greatest common divisor of 16 and 1962152?
8
What is the greatest common divisor of 16791 and 51243?
87
Calculate the greatest common factor of 416 and 826904.
104
What is the highest common factor of 183291 and 57671?
571
What is the greatest common factor of 79053 and 78?
39
Calculate the highest common factor of 2880 and 1560.
120
What is the greatest common factor of 206417 and 604?
151
Calculate the greatest common divisor of 429584 and 16.
16
What is the highest common divisor of 87 and 16733?
29
Calculate the highest common divisor of 4041 and 306.
9
What is the highest common factor of 1615 and 115957?
323
Calculate the greatest common factor of 60 and 399260.
20
What is the greatest common divisor of 7058 and 4?
2
What is the highest common factor of 348 and 50628?
12
What is the greatest common divisor of 7070 and 70?
70
Calculate the greatest common factor of 1005826 and 124.
62
What is the highest common factor of 602 and 5622379?
301
What is the highest common factor of 1990 and 11930?
10
Calculate the highest common divisor of 1780 and 247865.
445
What is the highest common factor of 13 and 1301963?
13
What is the highest common factor of 269420 and 5?
5
What is the greatest common factor of 14690 and 936770?
1130
Calculate the highest common factor of 39028 and 22.
22
What is the greatest common divisor of 413 and 4012?
59
Calculate the highest common factor of 88 and 5084684.
44
What is the greatest common divisor of 2669 and 19939?
157
Calculate the highest common factor of 27535 and 15.
5
What is the highest common factor of 577774 and 6587?
941
What is the highest common divisor of 39 and 241683?
39
What is the highest common divisor of 21 and 240387?
21
What is the highest common divisor of 22 and 799073?
11
What is the greatest common factor of 4059 and 27675?
369
What is the greatest common divisor of 7125 and 400?
25
Calculate the highest common factor of 16610 and 6990.
10
Calculate the greatest common divisor of 2965 and 80.
5
Calculate the highest common divisor of 3139535 and 542.
271
What is the highest common divisor of 54200 and 216?
8
What is the highest common divisor of 195567 and 19?
19
What is the highest common factor of 4 and 394?
2
What is the greatest common factor of 44796 and 12?
12
What is the highest common factor of 9558 and 1323?
27
Calculate the highest common factor of 8406 and 4482.
18
What is the greatest common factor of 19755 and 369?
9
Calculate the greatest common factor of 3 and 187545.
3
What is the greatest common factor of 54 and 102681?
27
What is the greatest common factor of 2086 and 19922?
14
What is the highest common divisor of 2101100 and 40?
20
Calculate the highest common factor of 4434 and 229829.
739
Calculate the highest common factor of 3792 and 9954.
474
Calculate the highest common factor of 91043 and 2515.
503
Calculate the greatest common factor of 395192 and 42.
14
What is the greatest common factor of 21628 and 28?
4
What is the greatest common factor of 42 and 24591?
21
What is the highest common factor of 18 and 1312218?
18
Calculate the highest common factor of 462087 and 45.
9
Calculate the greatest common factor of 43470 and 189.
189
Calculate the highest common divisor of 5495751 and 9.
9
Calculate the greatest common divisor of 1188 and 17436.
12
Calculate the highest common factor of 4 and 2187.
1
What is the greatest common factor of 1421 and 71659?
203
Calculate the highest common factor of 3450858 and 744.
186
What is the highest common divisor of 1515776 and 8?
8
What is the greatest common divisor of 936 and 1422?
18
What is the greatest common divisor of 19629 and 297?
27
What is the highest common divisor of 255 and 10905?
15
Calculate the highest common divisor of 671 and 369721.
671
Calculate the highest common divisor of 89164 and 4.
4
What is the highest common factor of 732570 and 330?
30
Calculate the highest common divisor of 1280 and 392.
8
What is the greatest common divisor of 303 and 189375?
303
Calculate the highest common factor of 11 and 8875009.
11
Calculate the highest common divisor of 103302 and 594.
54
What is the greatest common factor of 50898 and 714?
102
What is the greatest common divisor of 12000 and 1488?
48
Calculate the greatest common factor of 2348194 and 206.
206
Calculate the greatest common divisor of 2219 and 54841.
317
Calculate the greatest common divisor of 23258 and 464.
58
What is the highest common divisor of 2632959 and 189?
189
Calculate the greatest common factor of 4738 and 71482.
206
What is the greatest common divisor of 200 and 1082600?
200
Calculate the greatest common factor of 34808 and 532.
76
What is the greatest common divisor of 217596 and 9?
3
Calculate the greatest common factor of 858 and 28106.
26
Calculate the highest common factor of 7342 and 2.
2
What is the highest common factor of 112 and 442160?
16
Calculate the highest common divisor of 3174 and 78.
6
Calculate the highest common factor of 48 and 151404.
12
What is the highest common factor of 119799 and 12325?
493
Calculate the highest common divisor of 364904 and 12.
4
Calculate the highest common factor of 10974 and 236.
118
Calculate the highest common factor of 36963 and 27.
27
What is the highest common factor of 904 and 760?
8
What is the greatest common divisor of 44 and 92736?
4
What is the greatest common divisor of 2018330 and 40?
10
Calculate the greatest common divisor of 37338 and 3234.
294
Calculate the highest common factor of 3228 and 1580913.
807
What is the greatest common factor of 365432 and 68?
68
Calculate the highest common divisor of 7007 and 278369.
637
What is the greatest common factor of 450081 and 1161?
387
What is the greatest common divisor of 2510377 and 1803?
601
What is the highest common divisor of 1238168 and 752?
376
Calculate the highest comm